{"id":2164,"date":"2020-05-31T17:07:08","date_gmt":"2020-05-31T15:07:08","guid":{"rendered":"http:\/\/harasdesisles.com\/?page_id=2164"},"modified":"2021-02-13T13:04:41","modified_gmt":"2021-02-13T12:04:41","slug":"tous-les-chevaux","status":"publish","type":"page","link":"https:\/\/harasdesisles.com\/index.php\/tous-les-chevaux\/","title":{"rendered":"Vente de chevaux"},"content":{"rendered":"<div id=\"themify_builder_content-2164\" data-postid=\"2164\" class=\"themify_builder_content themify_builder_content-2164 themify_builder\">\n    \t<!-- module_row -->\n\t<div   class=\"themify_builder_row module_row clearfix module_row_0 themify_builder_2164_row module_row_2164-0 tb_ybz4272\">\n\t    \t    <div class=\"row_inner col_align_top\" >\n\t\t\t<div  class=\"module_column tb-column col-full first tb_2164_column module_column_0 module_column_2164-0-0 tb_b2xl273\">\n\t    \t    \t        <div class=\"tb-column-inner\">\n\t\t        <!-- module post -->\n    <div  class=\"module module-post tb_udmh401 \">\n        <ul class=\"post-filter\">\t<li class=\"cat-item cat-item-16\"><a href=\"https:\/\/harasdesisles.com\/index.php\/category\/jeunes-chevaux\/\">Jeunes chevaux<\/a>\n<\/li>\n\t<li class=\"cat-item cat-item-17\"><a href=\"https:\/\/harasdesisles.com\/index.php\/category\/juments-poulains\/\">Juments &amp; poulains<\/a>\n<\/li>\n\t<li class=\"cat-item cat-item-18\"><a href=\"https:\/\/harasdesisles.com\/index.php\/category\/niveau-b\/\">Niveau B<\/a>\n<\/li>\n\t<li class=\"cat-item cat-item-1\"><a href=\"https:\/\/harasdesisles.com\/index.php\/category\/non-classe\/\">Non class\u00e9<\/a>\n<\/li>\n\t<li class=\"cat-item cat-item-14\"><a href=\"https:\/\/harasdesisles.com\/index.php\/category\/tous\/\">Tous les chevaux<\/a>\n<\/li>\n<\/ul>        <div class=\"builder-posts-wrap clearfix loops-wrapper  grid3 overlay gutter masonry\">\n            \n\n<article id=\"post-2609\" class=\"post clearfix post-2609 type-post status-publish format-standard has-post-thumbnail hentry category-juments-poulains category-tous has-post-title no-post-date has-post-category has-post-tag has-post-comment has-post-author   cat-17  cat-14\">\n\t\n            <a href=\"https:\/\/harasdesisles.com\/index.php\/2020\/08\/22\/drosera-rocio-han\/\" aria-label=\"Drosera Rocio (HAN)\" data-post-permalink=\"yes\" style=\"display: none;\"><\/a>\n    \n\t\n\t\n\t\n\t\t\n\t\t\t<figure class=\"post-image  clearfix\">\n\n\t\t\t\t\t\t\t\t\t<a href=\"https:\/\/harasdesisles.com\/index.php\/2020\/08\/22\/drosera-rocio-han\/\"><img loading=\"lazy\" width=\"1024\" height=\"1024\" src=\"https:\/\/harasdesisles.com\/wp-content\/uploads\/2020\/08\/Drosera-IMG_9335.jpg\" class=\" wp-post-image wp-image-2461\" title=\"Drosera-IMG_9335\" alt=\"Drosera-IMG_9335\" srcset=\"https:\/\/harasdesisles.com\/wp-content\/uploads\/2020\/08\/Drosera-IMG_9335.jpg 1024w, https:\/\/harasdesisles.com\/wp-content\/uploads\/2020\/08\/Drosera-IMG_9335-300x300.jpg 300w, https:\/\/harasdesisles.com\/wp-content\/uploads\/2020\/08\/Drosera-IMG_9335-150x150.jpg 150w, https:\/\/harasdesisles.com\/wp-content\/uploads\/2020\/08\/Drosera-IMG_9335-768x768.jpg 768w\" sizes=\"(max-width: 1024px) 100vw, 1024px\" \/><\/a>\n\t\t\t\t\n\t\t\t<\/figure>\n\n\t\t\n\t\n\t\n\t<div class=\"post-content\">\n\t\t<div class=\"post-content-inner\">\n\n\t\t\t\n\t\t\t\t\t\t\t <h2 class=\"post-title entry-title\"><a href=\"https:\/\/harasdesisles.com\/index.php\/2020\/08\/22\/drosera-rocio-han\/\">Drosera Rocio (HAN)<\/a> <\/h2>\t\t\t\n\t\t\t\n\t\t\t\n\t\t\t<div class=\"entry-content\">\n\n\t\t\t\t\n\t\t\t\t\t<p><!-- AddThis Advanced Settings generic via filter on get_the_excerpt --><!-- AddThis Share Buttons generic via filter on get_the_excerpt --><\/p>\n\n\t\t\t\t\t\n\t\t\t\t\n\t\t\t<\/div><!-- \/.entry-content -->\n\n\t\t\t\n\t\t<\/div>\n\t\t<!-- \/.post-content-inner -->\n\t<\/div>\n\t<!-- \/.post-content -->\n\t\n<\/article>\n<!-- \/.post -->\n\n\n<article id=\"post-2587\" class=\"post clearfix post-2587 type-post status-publish format-standard has-post-thumbnail hentry category-juments-poulains category-tous has-post-title no-post-date has-post-category has-post-tag has-post-comment has-post-author   cat-17  cat-14\">\n\t\n            <a href=\"https:\/\/harasdesisles.com\/index.php\/2020\/08\/22\/loubna-de-lisles\/\" aria-label=\"Loubna de l\u2019Isles\" data-post-permalink=\"yes\" style=\"display: none;\"><\/a>\n    \n\t\n\t\n\t\n\t\t\n\t\t\t<figure class=\"post-image  clearfix\">\n\n\t\t\t\t\t\t\t\t\t<a href=\"https:\/\/harasdesisles.com\/index.php\/2020\/08\/22\/loubna-de-lisles\/\"><img loading=\"lazy\" width=\"1024\" height=\"1024\" src=\"https:\/\/harasdesisles.com\/wp-content\/uploads\/2020\/08\/Loubna_MG_6282.jpg\" class=\" wp-post-image wp-image-2465\" title=\"Loubna_MG_6282\" alt=\"Loubna_MG_6282\" srcset=\"https:\/\/harasdesisles.com\/wp-content\/uploads\/2020\/08\/Loubna_MG_6282.jpg 1024w, https:\/\/harasdesisles.com\/wp-content\/uploads\/2020\/08\/Loubna_MG_6282-300x300.jpg 300w, https:\/\/harasdesisles.com\/wp-content\/uploads\/2020\/08\/Loubna_MG_6282-150x150.jpg 150w, https:\/\/harasdesisles.com\/wp-content\/uploads\/2020\/08\/Loubna_MG_6282-768x768.jpg 768w\" sizes=\"(max-width: 1024px) 100vw, 1024px\" \/><\/a>\n\t\t\t\t\n\t\t\t<\/figure>\n\n\t\t\n\t\n\t\n\t<div class=\"post-content\">\n\t\t<div class=\"post-content-inner\">\n\n\t\t\t\n\t\t\t\t\t\t\t <h2 class=\"post-title entry-title\"><a href=\"https:\/\/harasdesisles.com\/index.php\/2020\/08\/22\/loubna-de-lisles\/\">Loubna de l\u2019Isles<\/a> <\/h2>\t\t\t\n\t\t\t\n\t\t\t\n\t\t\t<div class=\"entry-content\">\n\n\t\t\t\t\n\t\t\t\t\t<p>Gagnante des 4 ans en endurance, cette pouliche a \u00e9t\u00e9 adorable, gentille et elle saura donner le meilleur d\u2019elle m\u00eame tout au long de sa carri\u00e8re.Loubna est n\u00e9e au sein du haras par nos soins. Le croisement entre sa m\u00e8re est son p\u00e8re s\u2019est fait par hasard car l\u2019\u00e9talon chois au d\u00e9part n\u2019\u00e9tait tellement peu [&hellip;]<!-- AddThis Advanced Settings generic via filter on get_the_excerpt --><!-- AddThis Share Buttons generic via filter on get_the_excerpt --><\/p>\n\n\t\t\t\t\t\n\t\t\t\t\n\t\t\t<\/div><!-- \/.entry-content -->\n\n\t\t\t\n\t\t<\/div>\n\t\t<!-- \/.post-content-inner -->\n\t<\/div>\n\t<!-- \/.post-content -->\n\t\n<\/article>\n<!-- \/.post -->\n\n\n<article id=\"post-2582\" class=\"post clearfix post-2582 type-post status-publish format-standard has-post-thumbnail hentry category-niveau-b category-tous has-post-title no-post-date has-post-category has-post-tag has-post-comment has-post-author   cat-18  cat-14\">\n\t\n            <a href=\"https:\/\/harasdesisles.com\/index.php\/2020\/08\/22\/dyonisos-du-pic-han\/\" aria-label=\"Dyonisos du Pic (HAN)\" data-post-permalink=\"yes\" style=\"display: none;\"><\/a>\n    \n\t\n\t\n\t\n\t\t\n\t\t\t<figure class=\"post-image  clearfix\">\n\n\t\t\t\t\t\t\t\t\t<a href=\"https:\/\/harasdesisles.com\/index.php\/2020\/08\/22\/dyonisos-du-pic-han\/\"><img loading=\"lazy\" width=\"918\" height=\"919\" src=\"https:\/\/harasdesisles.com\/wp-content\/uploads\/2020\/08\/Dionysos-carre.jpg\" class=\" wp-post-image wp-image-2607\" title=\"Dionysos, dressage, \u00e9curie \u00e0 N\u00eemes\" alt=\"Dionysos, dressage, \u00e9curie \u00e0 N\u00eemes\" srcset=\"https:\/\/harasdesisles.com\/wp-content\/uploads\/2020\/08\/Dionysos-carre.jpg 918w, https:\/\/harasdesisles.com\/wp-content\/uploads\/2020\/08\/Dionysos-carre-300x300.jpg 300w, https:\/\/harasdesisles.com\/wp-content\/uploads\/2020\/08\/Dionysos-carre-150x150.jpg 150w, https:\/\/harasdesisles.com\/wp-content\/uploads\/2020\/08\/Dionysos-carre-768x769.jpg 768w\" sizes=\"(max-width: 918px) 100vw, 918px\" \/><\/a>\n\t\t\t\t\n\t\t\t<\/figure>\n\n\t\t\n\t\n\t\n\t<div class=\"post-content\">\n\t\t<div class=\"post-content-inner\">\n\n\t\t\t\n\t\t\t\t\t\t\t <h2 class=\"post-title entry-title\"><a href=\"https:\/\/harasdesisles.com\/index.php\/2020\/08\/22\/dyonisos-du-pic-han\/\">Dyonisos du Pic (HAN)<\/a> <\/h2>\t\t\t\n\t\t\t\n\t\t\t\n\t\t\t<div class=\"entry-content\">\n\n\t\t\t\t\n\t\t\t\t\t<p>N\u00e9 en 2009 et de race SBS, c\u2019est un cheval de dressage souple, avec un contact facile !<!-- AddThis Advanced Settings generic via filter on get_the_excerpt --><!-- AddThis Share Buttons generic via filter on get_the_excerpt --><\/p>\n\n\t\t\t\t\t\n\t\t\t\t\n\t\t\t<\/div><!-- \/.entry-content -->\n\n\t\t\t\n\t\t<\/div>\n\t\t<!-- \/.post-content-inner -->\n\t<\/div>\n\t<!-- \/.post-content -->\n\t\n<\/article>\n<!-- \/.post -->\n\n\n<article id=\"post-2573\" class=\"post clearfix post-2573 type-post status-publish format-standard has-post-thumbnail hentry category-jeunes-chevaux category-tous has-post-title no-post-date has-post-category has-post-tag has-post-comment has-post-author   cat-16  cat-14\">\n\t\n            <a href=\"https:\/\/harasdesisles.com\/index.php\/2020\/08\/22\/furstenblack-des-isles-han\/\" aria-label=\"Furstenblack Des Isles (HAN)\" data-post-permalink=\"yes\" style=\"display: none;\"><\/a>\n    \n\t\n\t\n\t\n\t\t\n\t\t\t<figure class=\"post-image  clearfix\">\n\n\t\t\t\t\t\t\t\t\t<a href=\"https:\/\/harasdesisles.com\/index.php\/2020\/08\/22\/furstenblack-des-isles-han\/\"><img loading=\"lazy\" width=\"1024\" height=\"1024\" src=\"https:\/\/harasdesisles.com\/wp-content\/uploads\/2020\/08\/Furstenblack-IMG_1157.jpg\" class=\" wp-post-image wp-image-2462\" title=\"Furstenblack-IMG_1157\" alt=\"Furstenblack-IMG_1157\" srcset=\"https:\/\/harasdesisles.com\/wp-content\/uploads\/2020\/08\/Furstenblack-IMG_1157.jpg 1024w, https:\/\/harasdesisles.com\/wp-content\/uploads\/2020\/08\/Furstenblack-IMG_1157-300x300.jpg 300w, https:\/\/harasdesisles.com\/wp-content\/uploads\/2020\/08\/Furstenblack-IMG_1157-150x150.jpg 150w, https:\/\/harasdesisles.com\/wp-content\/uploads\/2020\/08\/Furstenblack-IMG_1157-768x768.jpg 768w\" sizes=\"(max-width: 1024px) 100vw, 1024px\" \/><\/a>\n\t\t\t\t\n\t\t\t<\/figure>\n\n\t\t\n\t\n\t\n\t<div class=\"post-content\">\n\t\t<div class=\"post-content-inner\">\n\n\t\t\t\n\t\t\t\t\t\t\t <h2 class=\"post-title entry-title\"><a href=\"https:\/\/harasdesisles.com\/index.php\/2020\/08\/22\/furstenblack-des-isles-han\/\">Furstenblack Des Isles (HAN)<\/a> <\/h2>\t\t\t\n\t\t\t\n\t\t\t\n\t\t\t<div class=\"entry-content\">\n\n\t\t\t\t\n\t\t\t\t\t<p>N\u00e9 le 14 juillet 2016 pr\u00e8s de Verband, berceau du cheval allemand, Furstenblack est arriv\u00e9 en Novembre 2018 \u00e0 nos \u00e9curies. C\u2019est un bel \u00e9talon noir avec beaucoup de classe et un mouvement \u00e0 la fois ample et rebondit !<!-- AddThis Advanced Settings generic via filter on get_the_excerpt --><!-- AddThis Share Buttons generic via filter on get_the_excerpt --><\/p>\n\n\t\t\t\t\t\n\t\t\t\t\n\t\t\t<\/div><!-- \/.entry-content -->\n\n\t\t\t\n\t\t<\/div>\n\t\t<!-- \/.post-content-inner -->\n\t<\/div>\n\t<!-- \/.post-content -->\n\t\n<\/article>\n<!-- \/.post -->\n\n\n<article id=\"post-2570\" class=\"post clearfix post-2570 type-post status-publish format-standard has-post-thumbnail hentry category-jeunes-chevaux category-tous has-post-title no-post-date has-post-category has-post-tag has-post-comment has-post-author   cat-16  cat-14\">\n\t\n            <a href=\"https:\/\/harasdesisles.com\/index.php\/2020\/08\/22\/hold-up\/\" aria-label=\"Hold up des Isles\" data-post-permalink=\"yes\" style=\"display: none;\"><\/a>\n    \n\t\n\t\n\t\n\t\t\n\t\t\t<figure class=\"post-image  clearfix\">\n\n\t\t\t\t\t\t\t\t\t<a href=\"https:\/\/harasdesisles.com\/index.php\/2020\/08\/22\/hold-up\/\"><img loading=\"lazy\" width=\"1024\" height=\"1024\" src=\"https:\/\/harasdesisles.com\/wp-content\/uploads\/2020\/08\/HoldUp-IMG_9149.jpg\" class=\" wp-post-image wp-image-2464\" title=\"HoldUp\" alt=\"HoldUp\" srcset=\"https:\/\/harasdesisles.com\/wp-content\/uploads\/2020\/08\/HoldUp-IMG_9149.jpg 1024w, https:\/\/harasdesisles.com\/wp-content\/uploads\/2020\/08\/HoldUp-IMG_9149-300x300.jpg 300w, https:\/\/harasdesisles.com\/wp-content\/uploads\/2020\/08\/HoldUp-IMG_9149-150x150.jpg 150w, https:\/\/harasdesisles.com\/wp-content\/uploads\/2020\/08\/HoldUp-IMG_9149-768x768.jpg 768w\" sizes=\"(max-width: 1024px) 100vw, 1024px\" \/><\/a>\n\t\t\t\t\n\t\t\t<\/figure>\n\n\t\t\n\t\n\t\n\t<div class=\"post-content\">\n\t\t<div class=\"post-content-inner\">\n\n\t\t\t\n\t\t\t\t\t\t\t <h2 class=\"post-title entry-title\"><a href=\"https:\/\/harasdesisles.com\/index.php\/2020\/08\/22\/hold-up\/\">Hold up des Isles<\/a> <\/h2>\t\t\t\n\t\t\t\n\t\t\t\n\t\t\t<div class=\"entry-content\">\n\n\t\t\t\t\n\t\t\t\t\t<p>N\u00e9 le 11 Avril 2017 d\u2019une m\u00e8re pur-sang arabe et d\u2019un p\u00e8re Oldenbourg, ce m\u00e9lange sera nous surprendre dans les ann\u00e9es \u00e0 venir!<!-- AddThis Advanced Settings generic via filter on get_the_excerpt --><!-- AddThis Share Buttons generic via filter on get_the_excerpt --><\/p>\n\n\t\t\t\t\t\n\t\t\t\t\n\t\t\t<\/div><!-- \/.entry-content -->\n\n\t\t\t\n\t\t<\/div>\n\t\t<!-- \/.post-content-inner -->\n\t<\/div>\n\t<!-- \/.post-content -->\n\t\n<\/article>\n<!-- \/.post -->\n\n\n<article id=\"post-2563\" class=\"post clearfix post-2563 type-post status-publish format-standard has-post-thumbnail hentry category-jeunes-chevaux category-tous has-post-title no-post-date has-post-category has-post-tag has-post-comment has-post-author   cat-16  cat-14\">\n\t\n            <a href=\"https:\/\/harasdesisles.com\/index.php\/2020\/08\/22\/sweety-des-isles\/\" aria-label=\"Sweety des Isles\" data-post-permalink=\"yes\" style=\"display: none;\"><\/a>\n    \n\t\n\t\n\t\n\t\t\n\t\t\t<figure class=\"post-image  clearfix\">\n\n\t\t\t\t\t\t\t\t\t<a href=\"https:\/\/harasdesisles.com\/index.php\/2020\/08\/22\/sweety-des-isles\/\"><img loading=\"lazy\" width=\"1024\" height=\"1024\" src=\"https:\/\/harasdesisles.com\/wp-content\/uploads\/2020\/08\/Sweety-IMG_9408.jpg\" class=\" wp-post-image wp-image-2467\" title=\"Sweety des Isles, \u00e9curie proche de N\u00eemes\" alt=\"Sweety des Isles, \u00e9curie proche de N\u00eemes\" srcset=\"https:\/\/harasdesisles.com\/wp-content\/uploads\/2020\/08\/Sweety-IMG_9408.jpg 1024w, https:\/\/harasdesisles.com\/wp-content\/uploads\/2020\/08\/Sweety-IMG_9408-300x300.jpg 300w, https:\/\/harasdesisles.com\/wp-content\/uploads\/2020\/08\/Sweety-IMG_9408-150x150.jpg 150w, https:\/\/harasdesisles.com\/wp-content\/uploads\/2020\/08\/Sweety-IMG_9408-768x768.jpg 768w\" sizes=\"(max-width: 1024px) 100vw, 1024px\" \/><\/a>\n\t\t\t\t\n\t\t\t<\/figure>\n\n\t\t\n\t\n\t\n\t<div class=\"post-content\">\n\t\t<div class=\"post-content-inner\">\n\n\t\t\t\n\t\t\t\t\t\t\t <h2 class=\"post-title entry-title\"><a href=\"https:\/\/harasdesisles.com\/index.php\/2020\/08\/22\/sweety-des-isles\/\">Sweety des Isles<\/a> <\/h2>\t\t\t\n\t\t\t\n\t\t\t\n\t\t\t<div class=\"entry-content\">\n\n\t\t\t\t\n\t\t\t\t\t<p>Cette pouliche, n\u00e9e le 3 Mars 2017, a un rebond extraordinaire. Elle a des origines qui je l\u2019esp\u00e8re lui fera pousser des ailes en comp\u00e9tition ! L\u2019avenir nous le dira ! Vid\u00e9o Date de naissance3 Mars 2017 Race\u00a0Hannovrienne Sexe\u00a0Jument Taille\u00a0163 Couleur\u00a0Noire P\u00e9digr\u00e9e Sweety des Isles<!-- AddThis Advanced Settings generic via filter on get_the_excerpt --><!-- AddThis Share Buttons generic via filter on get_the_excerpt --><\/p>\n\n\t\t\t\t\t\n\t\t\t\t\n\t\t\t<\/div><!-- \/.entry-content -->\n\n\t\t\t\n\t\t<\/div>\n\t\t<!-- \/.post-content-inner -->\n\t<\/div>\n\t<!-- \/.post-content -->\n\t\n<\/article>\n<!-- \/.post -->\n\n\n<article id=\"post-2553\" class=\"post clearfix post-2553 type-post status-publish format-standard has-post-thumbnail hentry category-juments-poulains category-tous has-post-title no-post-date has-post-category has-post-tag has-post-comment has-post-author   cat-17  cat-14\">\n\t\n            <a href=\"https:\/\/harasdesisles.com\/index.php\/2020\/08\/22\/takirou-de-lisles\/\" aria-label=\"Takirou de l\u2019Isles\" data-post-permalink=\"yes\" style=\"display: none;\"><\/a>\n    \n\t\n\t\n\t\n\t\t\n\t\t\t<figure class=\"post-image  clearfix\">\n\n\t\t\t\t\t\t\t\t\t<a href=\"https:\/\/harasdesisles.com\/index.php\/2020\/08\/22\/takirou-de-lisles\/\"><img loading=\"lazy\" width=\"1024\" height=\"1024\" src=\"https:\/\/harasdesisles.com\/wp-content\/uploads\/2020\/08\/Takirou_MG_6331.jpg\" class=\" wp-post-image wp-image-2468\" title=\"Takirou_MG_6331\" alt=\"Takirou_MG_6331\" srcset=\"https:\/\/harasdesisles.com\/wp-content\/uploads\/2020\/08\/Takirou_MG_6331.jpg 1024w, https:\/\/harasdesisles.com\/wp-content\/uploads\/2020\/08\/Takirou_MG_6331-300x300.jpg 300w, https:\/\/harasdesisles.com\/wp-content\/uploads\/2020\/08\/Takirou_MG_6331-150x150.jpg 150w, https:\/\/harasdesisles.com\/wp-content\/uploads\/2020\/08\/Takirou_MG_6331-768x768.jpg 768w\" sizes=\"(max-width: 1024px) 100vw, 1024px\" \/><\/a>\n\t\t\t\t\n\t\t\t<\/figure>\n\n\t\t\n\t\n\t\n\t<div class=\"post-content\">\n\t\t<div class=\"post-content-inner\">\n\n\t\t\t\n\t\t\t\t\t\t\t <h2 class=\"post-title entry-title\"><a href=\"https:\/\/harasdesisles.com\/index.php\/2020\/08\/22\/takirou-de-lisles\/\">Takirou de l\u2019Isles<\/a> <\/h2>\t\t\t\n\t\t\t\n\t\t\t\n\t\t\t<div class=\"entry-content\">\n\n\t\t\t\t\n\t\t\t\t\t<p>Avec des aptitudes physiques pour l\u2019endurance, nous \u00e9levons nos poulains dans l\u2019amour et la bienveillance. N\u00e9 de deux parents gris, Bedouin de Piboul et\u00a0Ouzna de Carrere, Takirou est n\u00e9 avec une robe\u00a0magnifique\u00a0mais \u00e9tonnamment bai ainsi qu&rsquo;une crini\u00e8re folle de poney ! Vid\u00e9o Date de naissanceN\u00e9 en 2012\u00a0 RacePur sang arabe Genre Hongre Taille1m56 CouleurBai P\u00e9digr\u00e9e\u00a0 [&hellip;]<!-- AddThis Advanced Settings generic via filter on get_the_excerpt --><!-- AddThis Share Buttons generic via filter on get_the_excerpt --><\/p>\n\n\t\t\t\t\t\n\t\t\t\t\n\t\t\t<\/div><!-- \/.entry-content -->\n\n\t\t\t\n\t\t<\/div>\n\t\t<!-- \/.post-content-inner -->\n\t<\/div>\n\t<!-- \/.post-content -->\n\t\n<\/article>\n<!-- \/.post -->\n\n\n<article id=\"post-2543\" class=\"post clearfix post-2543 type-post status-publish format-standard has-post-thumbnail hentry category-juments-poulains category-tous has-post-title no-post-date has-post-category has-post-tag has-post-comment has-post-author   cat-17  cat-14\">\n\t\n            <a href=\"https:\/\/harasdesisles.com\/index.php\/2020\/08\/22\/ouzna-de-carrere\/\" aria-label=\"Ouzna de Carrere\" data-post-permalink=\"yes\" style=\"display: none;\"><\/a>\n    \n\t\n\t\n\t\n\t\t\n\t\t\t<figure class=\"post-image  clearfix\">\n\n\t\t\t\t\t\t\t\t\t<a href=\"https:\/\/harasdesisles.com\/index.php\/2020\/08\/22\/ouzna-de-carrere\/\"><img loading=\"lazy\" width=\"1024\" height=\"1024\" src=\"https:\/\/harasdesisles.com\/wp-content\/uploads\/2020\/08\/Ouzna_IMG_9106.jpg\" class=\" wp-post-image wp-image-2466\" title=\"Ouzna_IMG_9106\" alt=\"Ouzna_IMG_9106\" srcset=\"https:\/\/harasdesisles.com\/wp-content\/uploads\/2020\/08\/Ouzna_IMG_9106.jpg 1024w, https:\/\/harasdesisles.com\/wp-content\/uploads\/2020\/08\/Ouzna_IMG_9106-300x300.jpg 300w, https:\/\/harasdesisles.com\/wp-content\/uploads\/2020\/08\/Ouzna_IMG_9106-150x150.jpg 150w, https:\/\/harasdesisles.com\/wp-content\/uploads\/2020\/08\/Ouzna_IMG_9106-768x768.jpg 768w\" sizes=\"(max-width: 1024px) 100vw, 1024px\" \/><\/a>\n\t\t\t\t\n\t\t\t<\/figure>\n\n\t\t\n\t\n\t\n\t<div class=\"post-content\">\n\t\t<div class=\"post-content-inner\">\n\n\t\t\t\n\t\t\t\t\t\t\t <h2 class=\"post-title entry-title\"><a href=\"https:\/\/harasdesisles.com\/index.php\/2020\/08\/22\/ouzna-de-carrere\/\">Ouzna de Carrere<\/a> <\/h2>\t\t\t\n\t\t\t\n\t\t\t\n\t\t\t<div class=\"entry-content\">\n\n\t\t\t\t\n\t\t\t\t\t<p>Belle jument pur-sang arabe qui toise 1m61. R\u00e9form\u00e9e d\u00e8s l\u2019\u00e2ge de 5 ans, elle est mise au poulinage et produit Al Zouna. Alors qu\u2019elle est la propri\u00e9t\u00e9 de Mr Meaubon, il souhaite nous la vendre car ce sont ses pr\u00e9f\u00e9r\u00e9es. Il souhaite qu\u2019elle soit heureuse et dans une bonne famille.<!-- AddThis Advanced Settings generic via filter on get_the_excerpt --><!-- AddThis Share Buttons generic via filter on get_the_excerpt --><\/p>\n\n\t\t\t\t\t\n\t\t\t\t\n\t\t\t<\/div><!-- \/.entry-content -->\n\n\t\t\t\n\t\t<\/div>\n\t\t<!-- \/.post-content-inner -->\n\t<\/div>\n\t<!-- \/.post-content -->\n\t\n<\/article>\n<!-- \/.post -->\n\n\n<article id=\"post-2507\" class=\"post clearfix post-2507 type-post status-publish format-standard has-post-thumbnail hentry category-juments-poulains category-tous has-post-title no-post-date has-post-category has-post-tag has-post-comment has-post-author   cat-17  cat-14\">\n\t\n            <a href=\"https:\/\/harasdesisles.com\/index.php\/2020\/08\/22\/al-zouna\/\" aria-label=\"Al Zouna\" data-post-permalink=\"yes\" style=\"display: none;\"><\/a>\n    \n\t\n\t\n\t\n\t\t\n\t\t\t<figure class=\"post-image  clearfix\">\n\n\t\t\t\t\t\t\t\t\t<a href=\"https:\/\/harasdesisles.com\/index.php\/2020\/08\/22\/al-zouna\/\"><img loading=\"lazy\" width=\"632\" height=\"632\" src=\"https:\/\/harasdesisles.com\/wp-content\/uploads\/2020\/08\/harasdesislesJessicaFamille.jpg\" class=\" wp-post-image wp-image-2463\" title=\"harasdesislesJessicaFamille\" alt=\"harasdesislesJessicaFamille\" srcset=\"https:\/\/harasdesisles.com\/wp-content\/uploads\/2020\/08\/harasdesislesJessicaFamille.jpg 632w, https:\/\/harasdesisles.com\/wp-content\/uploads\/2020\/08\/harasdesislesJessicaFamille-300x300.jpg 300w, https:\/\/harasdesisles.com\/wp-content\/uploads\/2020\/08\/harasdesislesJessicaFamille-150x150.jpg 150w\" sizes=\"(max-width: 632px) 100vw, 632px\" \/><\/a>\n\t\t\t\t\n\t\t\t<\/figure>\n\n\t\t\n\t\n\t\n\t<div class=\"post-content\">\n\t\t<div class=\"post-content-inner\">\n\n\t\t\t\n\t\t\t\t\t\t\t <h2 class=\"post-title entry-title\"><a href=\"https:\/\/harasdesisles.com\/index.php\/2020\/08\/22\/al-zouna\/\">Al Zouna<\/a> <\/h2>\t\t\t\n\t\t\t\n\t\t\t\n\t\t\t<div class=\"entry-content\">\n\n\t\t\t\t\n\t\t\t\t\t<p>Fille de Sire d\u2019Albret et de Ouzna de Carrere, elle est n\u00e9e 17 Mars 2008 pour vivre paisiblement, sans contrainte tel un cheval \u00e0 la retraite du d\u00e9but \u00e0 la fin !<!-- AddThis Advanced Settings generic via filter on get_the_excerpt --><!-- AddThis Share Buttons generic via filter on get_the_excerpt --><\/p>\n\n\t\t\t\t\t\n\t\t\t\t\n\t\t\t<\/div><!-- \/.entry-content -->\n\n\t\t\t\n\t\t<\/div>\n\t\t<!-- \/.post-content-inner -->\n\t<\/div>\n\t<!-- \/.post-content -->\n\t\n<\/article>\n<!-- \/.post -->\n        <\/div><!-- .builder-posts-wrap -->\n                    <\/div>\n    <!-- \/module post -->\n\n\t        <\/div>\n\t    \t<\/div>\n\t\t    <\/div>\n\t    <!-- \/row_inner -->\n\t<\/div>\n\t<!-- \/module_row -->\n\t<\/div>\n\n\n\n\n<p><\/p>\n","protected":false},"excerpt":{"rendered":"<p><!-- AddThis Advanced Settings generic via filter on get_the_excerpt --><!-- AddThis Share Buttons generic via filter on get_the_excerpt --><\/p>\n","protected":false},"author":2,"featured_media":0,"parent":0,"menu_order":0,"comment_status":"closed","ping_status":"closed","template":"","meta":{"spay_email":""},"yoast_head":"<!-- This site is optimized with the Yoast SEO plugin v16.5 - https:\/\/yoast.com\/wordpress\/plugins\/seo\/ -->\n<title>Vente de chevaux - Haras des Isles<\/title>\n<meta name=\"description\" content=\"Retrouvez tous les magnifiques chevaux, les juments et les poulains du Haras des Isles.\" \/>\n<meta name=\"robots\" content=\"index, follow, max-snippet:-1, max-image-preview:large, max-video-preview:-1\" \/>\n<link rel=\"canonical\" href=\"https:\/\/harasdesisles.com\/index.php\/tous-les-chevaux\/\" \/>\n<meta property=\"og:locale\" content=\"fr_FR\" \/>\n<meta property=\"og:type\" content=\"article\" \/>\n<meta property=\"og:title\" content=\"Vente de chevaux - Haras des Isles\" \/>\n<meta property=\"og:description\" content=\"Retrouvez tous les magnifiques chevaux, les juments et les poulains du Haras des Isles.\" \/>\n<meta property=\"og:url\" content=\"https:\/\/harasdesisles.com\/index.php\/tous-les-chevaux\/\" \/>\n<meta property=\"og:site_name\" content=\"Haras des Isles\" \/>\n<meta property=\"article:modified_time\" content=\"2021-02-13T12:04:41+00:00\" \/>\n<meta name=\"twitter:card\" content=\"summary_large_image\" \/>\n<script type=\"application\/ld+json\" class=\"yoast-schema-graph\">{\"@context\":\"https:\/\/schema.org\",\"@graph\":[{\"@type\":\"WebSite\",\"@id\":\"https:\/\/harasdesisles.com\/#website\",\"url\":\"https:\/\/harasdesisles.com\/\",\"name\":\"Haras des Isles\",\"description\":\"Haras des Isles\",\"potentialAction\":[{\"@type\":\"SearchAction\",\"target\":\"https:\/\/harasdesisles.com\/?s={search_term_string}\",\"query-input\":\"required name=search_term_string\"}],\"inLanguage\":\"fr-FR\"},{\"@type\":\"WebPage\",\"@id\":\"https:\/\/harasdesisles.com\/index.php\/tous-les-chevaux\/#webpage\",\"url\":\"https:\/\/harasdesisles.com\/index.php\/tous-les-chevaux\/\",\"name\":\"Vente de chevaux - Haras des Isles\",\"isPartOf\":{\"@id\":\"https:\/\/harasdesisles.com\/#website\"},\"datePublished\":\"2020-05-31T15:07:08+00:00\",\"dateModified\":\"2021-02-13T12:04:41+00:00\",\"description\":\"Retrouvez tous les magnifiques chevaux, les juments et les poulains du Haras des Isles.\",\"breadcrumb\":{\"@id\":\"https:\/\/harasdesisles.com\/index.php\/tous-les-chevaux\/#breadcrumb\"},\"inLanguage\":\"fr-FR\",\"potentialAction\":[{\"@type\":\"ReadAction\",\"target\":[\"https:\/\/harasdesisles.com\/index.php\/tous-les-chevaux\/\"]}]},{\"@type\":\"BreadcrumbList\",\"@id\":\"https:\/\/harasdesisles.com\/index.php\/tous-les-chevaux\/#breadcrumb\",\"itemListElement\":[{\"@type\":\"ListItem\",\"position\":1,\"name\":\"Accueil\",\"item\":\"https:\/\/harasdesisles.com\/\"},{\"@type\":\"ListItem\",\"position\":2,\"name\":\"Vente de chevaux\"}]}]}<\/script>\n<!-- \/ Yoast SEO plugin. -->","builder_content":"","_links":{"self":[{"href":"https:\/\/harasdesisles.com\/index.php\/wp-json\/wp\/v2\/pages\/2164"}],"collection":[{"href":"https:\/\/harasdesisles.com\/index.php\/wp-json\/wp\/v2\/pages"}],"about":[{"href":"https:\/\/harasdesisles.com\/index.php\/wp-json\/wp\/v2\/types\/page"}],"author":[{"embeddable":true,"href":"https:\/\/harasdesisles.com\/index.php\/wp-json\/wp\/v2\/users\/2"}],"replies":[{"embeddable":true,"href":"https:\/\/harasdesisles.com\/index.php\/wp-json\/wp\/v2\/comments?post=2164"}],"version-history":[{"count":47,"href":"https:\/\/harasdesisles.com\/index.php\/wp-json\/wp\/v2\/pages\/2164\/revisions"}],"predecessor-version":[{"id":3363,"href":"https:\/\/harasdesisles.com\/index.php\/wp-json\/wp\/v2\/pages\/2164\/revisions\/3363"}],"wp:attachment":[{"href":"https:\/\/harasdesisles.com\/index.php\/wp-json\/wp\/v2\/media?parent=2164"}],"curies":[{"name":"wp","href":"https:\/\/api.w.org\/{rel}","templated":true}]}}